{"id":531,"date":"2019-04-02T13:12:59","date_gmt":"2019-04-02T12:12:59","guid":{"rendered":"https:\/\/www.knowledgebaseltd.eu\/project-topics-and-products\/global-issues-economy-and-society\/croatian\/croatian2\/"},"modified":"2021-08-25T18:14:24","modified_gmt":"2021-08-25T17:14:24","slug":"croatian2","status":"publish","type":"page","link":"https:\/\/www.knowledgebaseltd.eu\/project-topics-and-products\/global-issues-economy-and-society\/croatian\/croatian2\/","title":{"rendered":"PRENAPU\u010cENOST"},"content":{"rendered":"<p><a href=\"https:\/\/www.knowledgebaseltd.eu\/wp-content\/uploads\/2021\/08\/Prenapucenost_prezentacija_cro.pptx\" class=\"mtli_attachment mtli_pptx\" data-mtli=\"mtli_filesize322MB\">Prenapu\u010denost_prezentacija_cro<\/a><\/p>\n<p><a href=\"https:\/\/www.knowledgebaseltd.eu\/wp-content\/uploads\/2021\/08\/Prenapucenost.docx\" class=\"mtli_attachment mtli_docx\" data-mtli=\"mtli_filesize1350kB\">Prenapu\u010denost<\/a><\/p>\n<p><a href=\"http:\/\/PRENAPU\u010cENOST KVIZ\">https:\/\/docs.google.com\/forms\/d\/1y1WY1qLi1KZtKODymRdp3CRKdR-L6J4WTiWqH5nlxRE\/edit?usp=sharing<\/a><\/p>\n<p><a href=\"https:\/\/www.knowledgebaseltd.eu\/wp-content\/uploads\/2021\/08\/Prenapucenost-u-Grckoj-Atena.ppt\" class=\"mtli_attachment mtli_ppt\" data-mtli=\"mtli_filesize333MB\">Prenapu\u010denost u Gr\u010dkoj &#8211; Atena<\/a><\/p>\n<p><a href=\"https:\/\/www.knowledgebaseltd.eu\/wp-content\/uploads\/2021\/08\/Utjecaj-prenapucenosti-na-Madarsku.docx\" class=\"mtli_attachment mtli_docx\" data-mtli=\"mtli_filesize1703kB\">Utjecaj prenapu\u010denosti na Ma\u0111arsku<\/a><\/p>\n<p><a href=\"https:\/\/www.knowledgebaseltd.eu\/wp-content\/uploads\/2021\/08\/Demografska-slika-Madarske.docx\" class=\"mtli_attachment mtli_docx\" data-mtli=\"mtli_filesize2421kB\">Demografska slika Ma\u0111arske<\/a><\/p>\n<p><a href=\"https:\/\/www.knowledgebaseltd.eu\/wp-content\/uploads\/2021\/08\/Demografska-slika-Madarske.pptx\" class=\"mtli_attachment mtli_pptx\" data-mtli=\"mtli_filesize183MB\">Demografska slika Ma\u0111arske<\/a><\/p>\n<p><a href=\"https:\/\/www.knowledgebaseltd.eu\/wp-content\/uploads\/2021\/08\/Demografska-slika-Madarske-zadatak.pptx\" class=\"mtli_attachment mtli_pptx\" data-mtli=\"mtli_filesize106MB\">Demografska slika Ma\u0111arske &#8211; zadatak<\/a><\/p>\n<p>&nbsp;<\/p>\n<style type=\"text\/css\">a[data-mtli~=\"mtli_filesize322MB\"]:after {content:\" (3.22 MB)\"}a[data-mtli~=\"mtli_filesize1350kB\"]:after {content:\" (13.50 kB)\"}a[data-mtli~=\"mtli_filesize333MB\"]:after {content:\" (3.33 MB)\"}a[data-mtli~=\"mtli_filesize1703kB\"]:after {content:\" (17.03 kB)\"}a[data-mtli~=\"mtli_filesize2421kB\"]:after {content:\" (24.21 kB)\"}a[data-mtli~=\"mtli_filesize183MB\"]:after {content:\" (1.83 MB)\"}a[data-mtli~=\"mtli_filesize106MB\"]:after {content:\" (1.06 MB)\"}<\/style>","protected":false},"excerpt":{"rendered":"<p>Prenapu\u010denost_prezentacija_cro Prenapu\u010denost https:\/\/docs.google.com\/forms\/d\/1y1WY1qLi1KZtKODymRdp3CRKdR-L6J4WTiWqH5nlxRE\/edit?usp=sharing Prenapu\u010denost u Gr\u010dkoj &#8211; Atena Utjecaj prenapu\u010denosti na Ma\u0111arsku Demografska slika Ma\u0111arske Demografska slika Ma\u0111arske Demografska slika Ma\u0111arske &#8211; zadatak &nbsp;<\/p>\n","protected":false},"author":1,"featured_media":0,"parent":94,"menu_order":50,"comment_status":"closed","ping_status":"closed","template":"","meta":[],"_links":{"self":[{"href":"https:\/\/www.knowledgebaseltd.eu\/wp-json\/wp\/v2\/pages\/531"}],"collection":[{"href":"https:\/\/www.knowledgebaseltd.eu\/wp-json\/wp\/v2\/pages"}],"about":[{"href":"https:\/\/www.knowledgebaseltd.eu\/wp-json\/wp\/v2\/types\/page"}],"author":[{"embeddable":true,"href":"https:\/\/www.knowledgebaseltd.eu\/wp-json\/wp\/v2\/users\/1"}],"replies":[{"embeddable":true,"href":"https:\/\/www.knowledgebaseltd.eu\/wp-json\/wp\/v2\/comments?post=531"}],"version-history":[{"count":10,"href":"https:\/\/www.knowledgebaseltd.eu\/wp-json\/wp\/v2\/pages\/531\/revisions"}],"predecessor-version":[{"id":1791,"href":"https:\/\/www.knowledgebaseltd.eu\/wp-json\/wp\/v2\/pages\/531\/revisions\/1791"}],"up":[{"embeddable":true,"href":"https:\/\/www.knowledgebaseltd.eu\/wp-json\/wp\/v2\/pages\/94"}],"wp:attachment":[{"href":"https:\/\/www.knowledgebaseltd.eu\/wp-json\/wp\/v2\/media?parent=531"}],"curies":[{"name":"wp","href":"https:\/\/api.w.org\/{rel}","templated":true}]}}