{"id":519,"date":"2019-04-02T13:12:59","date_gmt":"2019-04-02T12:12:59","guid":{"rendered":"https:\/\/www.knowledgebaseltd.eu\/project-topics-and-products\/global-issues-economy-and-society\/hungarian\/hungarian2\/"},"modified":"2021-03-08T09:55:21","modified_gmt":"2021-03-08T08:55:21","slug":"hungarian2","status":"publish","type":"page","link":"https:\/\/www.knowledgebaseltd.eu\/project-topics-and-products\/global-issues-economy-and-society\/hungarian\/hungarian2\/","title":{"rendered":"T\u00faln\u00e9pesed\u00e9s"},"content":{"rendered":"<p><a href=\"https:\/\/www.knowledgebaseltd.eu\/wp-content\/uploads\/2021\/03\/tulnepesedes-hatasa_Magyarorszagra.docx\" class=\"mtli_attachment mtli_docx\" data-mtli=\"mtli_filesize1832kB\">t\u00faln\u00e9pesed\u00e9s-hat\u00e1sa_Magyarorsz\u00e1gra<\/a><\/p>\n<style type=\"text\/css\">a[data-mtli~=\"mtli_filesize1832kB\"]:after {content:\" (18.32 kB)\"}<\/style>","protected":false},"excerpt":{"rendered":"<p>t\u00faln\u00e9pesed\u00e9s-hat\u00e1sa_Magyarorsz\u00e1gra<\/p>\n","protected":false},"author":1,"featured_media":0,"parent":88,"menu_order":38,"comment_status":"closed","ping_status":"closed","template":"","meta":[],"_links":{"self":[{"href":"https:\/\/www.knowledgebaseltd.eu\/wp-json\/wp\/v2\/pages\/519"}],"collection":[{"href":"https:\/\/www.knowledgebaseltd.eu\/wp-json\/wp\/v2\/pages"}],"about":[{"href":"https:\/\/www.knowledgebaseltd.eu\/wp-json\/wp\/v2\/types\/page"}],"author":[{"embeddable":true,"href":"https:\/\/www.knowledgebaseltd.eu\/wp-json\/wp\/v2\/users\/1"}],"replies":[{"embeddable":true,"href":"https:\/\/www.knowledgebaseltd.eu\/wp-json\/wp\/v2\/comments?post=519"}],"version-history":[{"count":3,"href":"https:\/\/www.knowledgebaseltd.eu\/wp-json\/wp\/v2\/pages\/519\/revisions"}],"predecessor-version":[{"id":1454,"href":"https:\/\/www.knowledgebaseltd.eu\/wp-json\/wp\/v2\/pages\/519\/revisions\/1454"}],"up":[{"embeddable":true,"href":"https:\/\/www.knowledgebaseltd.eu\/wp-json\/wp\/v2\/pages\/88"}],"wp:attachment":[{"href":"https:\/\/www.knowledgebaseltd.eu\/wp-json\/wp\/v2\/media?parent=519"}],"curies":[{"name":"wp","href":"https:\/\/api.w.org\/{rel}","templated":true}]}}