{"id":502,"date":"2019-04-02T13:12:59","date_gmt":"2019-04-02T12:12:59","guid":{"rendered":"https:\/\/www.knowledgebaseltd.eu\/project-topics-and-products\/who-and-what-has-given-to-the-european-culture\/hungarian\/hungarian1\/"},"modified":"2020-03-09T09:38:30","modified_gmt":"2020-03-09T08:38:30","slug":"hungarian1","status":"publish","type":"page","link":"https:\/\/www.knowledgebaseltd.eu\/project-topics-and-products\/who-and-what-has-given-to-the-european-culture\/hungarian\/hungarian1\/","title":{"rendered":"\u00c9p\u00edt\u00e9szet \u00e9s kultur\u00e1lis \u00e9rt\u00e9kek"},"content":{"rendered":"<table class=\" aligncenter\">\n<tbody>\n<tr>\n<td style=\"width: 228px; text-align: left; vertical-align: middle;\">1. \u00c9p\u00edt\u00e9szet<\/td>\n<td style=\"width: 650px;\"><a href=\"https:\/\/www.knowledgebaseltd.eu\/wp-content\/uploads\/2019\/12\/A-magyar-\u00e9p\u00edt\u00e9szet.pptx\" class=\"mtli_attachment mtli_pptx\" data-mtli=\"mtli_filesize460MB\">A-magyar-\u00e9p\u00edt\u00e9szet<\/a><\/p>\n<p><a href=\"https:\/\/www.knowledgebaseltd.eu\/wp-content\/uploads\/2019\/12\/Feladat-\u00c9p\u00edt\u00e9szet.docx\" class=\"mtli_attachment mtli_docx\" data-mtli=\"mtli_filesize1236kB\">Feladat-\u00c9p\u00edt\u00e9szet<\/a><\/p>\n<p><a href=\"https:\/\/www.knowledgebaseltd.eu\/wp-content\/uploads\/2020\/03\/T\u00f6r\u00f6korsz\u00e1g_\u00e9p\u00edt\u00e9szete.pptx\" class=\"mtli_attachment mtli_pptx\" data-mtli=\"mtli_filesize712MB\">T\u00f6r\u00f6korsz\u00e1g_\u00e9p\u00edt\u00e9szete<\/a><\/td>\n<\/tr>\n<tr>\n<td style=\"width: 228px; text-align: left; vertical-align: middle;\">2. Kultur\u00e1lis \u00e9rt\u00e9kek<\/td>\n<td style=\"width: 650px;\"><a href=\"https:\/\/www.knowledgebaseltd.eu\/wp-content\/uploads\/2020\/02\/Magyar-Kultur\u00e1lis-\u00c9rt\u00e9kek.pptx\" class=\"mtli_attachment mtli_pptx\" data-mtli=\"mtli_filesize2742MB\">Magyar Kultur\u00e1lis \u00c9rt\u00e9kek<\/a><\/p>\n<p><a href=\"https:\/\/www.knowledgebaseltd.eu\/wp-content\/uploads\/2020\/02\/Sz\u00f6veg-a-Prezent\u00e1ci\u00f3hoz.docx\" class=\"mtli_attachment mtli_docx\" data-mtli=\"mtli_filesize1451kB\">Sz\u00f6veg a Prezent\u00e1ci\u00f3hoz<\/a><\/td>\n<\/tr>\n<tr>\n<td style=\"width: 228px; text-align: left; vertical-align: middle;\">3. Hungarikumok<\/td>\n<td style=\"width: 650px;\"><a href=\"https:\/\/www.knowledgebaseltd.eu\/wp-content\/uploads\/2019\/12\/Hungarikumok.pptx\" class=\"mtli_attachment mtli_pptx\" data-mtli=\"mtli_filesize174MB\">Hungarikumok<\/a><\/p>\n<p><a href=\"https:\/\/learningapps.org\/display?v=p2ddhjr2519\" target=\"_blank\" rel=\"noopener noreferrer\">Hungarikumok feladat<\/a><\/td>\n<\/tr>\n<\/tbody>\n<\/table>\n<style type=\"text\/css\">a[data-mtli~=\"mtli_filesize460MB\"]:after {content:\" (4.60 MB)\"}a[data-mtli~=\"mtli_filesize1236kB\"]:after {content:\" (12.36 kB)\"}a[data-mtli~=\"mtli_filesize712MB\"]:after {content:\" (7.12 MB)\"}a[data-mtli~=\"mtli_filesize2742MB\"]:after {content:\" (27.42 MB)\"}a[data-mtli~=\"mtli_filesize1451kB\"]:after {content:\" (14.51 kB)\"}a[data-mtli~=\"mtli_filesize174MB\"]:after {content:\" (1.74 MB)\"}<\/style>","protected":false},"excerpt":{"rendered":"<p>1. \u00c9p\u00edt\u00e9szet A-magyar-\u00e9p\u00edt\u00e9szet Feladat-\u00c9p\u00edt\u00e9szet T\u00f6r\u00f6korsz\u00e1g_\u00e9p\u00edt\u00e9szete 2. Kultur\u00e1lis \u00e9rt\u00e9kek Magyar Kultur\u00e1lis \u00c9rt\u00e9kek Sz\u00f6veg a Prezent\u00e1ci\u00f3hoz 3. Hungarikumok Hungarikumok Hungarikumok feladat<\/p>\n","protected":false},"author":1,"featured_media":0,"parent":76,"menu_order":0,"comment_status":"closed","ping_status":"closed","template":"","meta":[],"_links":{"self":[{"href":"https:\/\/www.knowledgebaseltd.eu\/wp-json\/wp\/v2\/pages\/502"}],"collection":[{"href":"https:\/\/www.knowledgebaseltd.eu\/wp-json\/wp\/v2\/pages"}],"about":[{"href":"https:\/\/www.knowledgebaseltd.eu\/wp-json\/wp\/v2\/types\/page"}],"author":[{"embeddable":true,"href":"https:\/\/www.knowledgebaseltd.eu\/wp-json\/wp\/v2\/users\/1"}],"replies":[{"embeddable":true,"href":"https:\/\/www.knowledgebaseltd.eu\/wp-json\/wp\/v2\/comments?post=502"}],"version-history":[{"count":7,"href":"https:\/\/www.knowledgebaseltd.eu\/wp-json\/wp\/v2\/pages\/502\/revisions"}],"predecessor-version":[{"id":1327,"href":"https:\/\/www.knowledgebaseltd.eu\/wp-json\/wp\/v2\/pages\/502\/revisions\/1327"}],"up":[{"embeddable":true,"href":"https:\/\/www.knowledgebaseltd.eu\/wp-json\/wp\/v2\/pages\/76"}],"wp:attachment":[{"href":"https:\/\/www.knowledgebaseltd.eu\/wp-json\/wp\/v2\/media?parent=502"}],"curies":[{"name":"wp","href":"https:\/\/api.w.org\/{rel}","templated":true}]}}