{"id":487,"date":"2019-04-02T13:05:43","date_gmt":"2019-04-02T12:05:43","guid":{"rendered":"https:\/\/www.knowledgebaseltd.eu\/project-topics-and-products\/global-problems-nature\/hungarian\/hungarian2\/"},"modified":"2021-03-29T18:36:41","modified_gmt":"2021-03-29T17:36:41","slug":"hungarian2","status":"publish","type":"page","link":"https:\/\/www.knowledgebaseltd.eu\/project-topics-and-products\/global-problems-nature\/hungarian\/hungarian2\/","title":{"rendered":"V\u00edz"},"content":{"rendered":"<p><a href=\"https:\/\/www.knowledgebaseltd.eu\/wp-content\/uploads\/2020\/01\/V\u00edz-sp\u00f3rol\u00e1s.docx\" class=\"mtli_attachment mtli_docx\" data-mtli=\"mtli_filesize1699kB\">V\u00edz-sp\u00f3rol\u00e1s<\/a><\/p>\n<p><a href=\"https:\/\/www.knowledgebaseltd.eu\/wp-content\/uploads\/2020\/01\/V\u00edz-sp\u00f3rol\u00e1si-tippek.docx\" class=\"mtli_attachment mtli_docx\" data-mtli=\"mtli_filesize1485kB\">V\u00edz-sp\u00f3rol\u00e1si-tippek<\/a><\/p>\n<p><a href=\"https:\/\/www.knowledgebaseltd.eu\/wp-content\/uploads\/2020\/01\/V\u00edz-sp\u00f3rol\u00e1si-tippek-ppt.pptx\" class=\"mtli_attachment mtli_pptx\" data-mtli=\"mtli_filesize45934kB\">V\u00edz-sp\u00f3rol\u00e1si-tippek-ppt<\/a><\/p>\n<p><a href=\"https:\/\/www.knowledgebaseltd.eu\/wp-content\/uploads\/2020\/01\/A_v\u00edz_felhaszn\u00e1l\u00e1sa-2.pptx\" class=\"mtli_attachment mtli_pptx\" data-mtli=\"mtli_filesize253MB\">A_v\u00edz_felhaszn\u00e1l\u00e1sa-2<\/a><\/p>\n<p><a href=\"https:\/\/www.knowledgebaseltd.eu\/wp-content\/uploads\/2020\/02\/M\u0171anyag_\u00f3ce\u00e1n.ppt\" class=\"mtli_attachment mtli_ppt\" data-mtli=\"mtli_filesize166MB\">M\u0171anyag_\u00f3ce\u00e1n<\/a><\/p>\n<p><a href=\"https:\/\/www.knowledgebaseltd.eu\/wp-content\/uploads\/2021\/03\/A-viz-utvonala.docx\" class=\"mtli_attachment mtli_docx\" data-mtli=\"mtli_filesize1397kB\">A-v\u00edz-\u00fatvonala<\/a><\/p>\n<p><a href=\"https:\/\/www.knowledgebaseltd.eu\/wp-content\/uploads\/2021\/03\/A-viz-vilagnapja.pptx\" class=\"mtli_attachment mtli_pptx\" data-mtli=\"mtli_filesize2235MB\">A-v\u00edz-vil\u00e1gnapja<\/a><\/p>\n<p><a href=\"https:\/\/www.knowledgebaseltd.eu\/wp-content\/uploads\/2021\/03\/Europa-legfontosabb-folyoi.docx\" class=\"mtli_attachment mtli_docx\" data-mtli=\"mtli_filesize1815kB\">Eur\u00f3pa-legfontosabb-foly\u00f3i<\/a><\/p>\n<p><a href=\"https:\/\/www.knowledgebaseltd.eu\/wp-content\/uploads\/2021\/03\/Tanari-segadanyag-Tenyek-a-vizrol.docx\" class=\"mtli_attachment mtli_docx\" data-mtli=\"mtli_filesize1320kB\">Tan\u00e1ri-seg\u00e1danyag-T\u00e9nyek-a-v\u00edzr\u0151l<\/a><\/p>\n<p><a href=\"https:\/\/www.knowledgebaseltd.eu\/wp-content\/uploads\/2021\/03\/Tenyek-a-vizrol-kerdoiv.docx\" class=\"mtli_attachment mtli_docx\" data-mtli=\"mtli_filesize1200kB\">T\u00e9nyek-a-v\u00edzr\u0151l-k\u00e9rd\u0151\u00edv<\/a><\/p>\n<p><a href=\"https:\/\/www.knowledgebaseltd.eu\/wp-content\/uploads\/2021\/03\/VIZCIKLUS-A-TERMESZETBEN.docx\" class=\"mtli_attachment mtli_docx\" data-mtli=\"mtli_filesize4196kB\">V\u00cdZCIKLUS-A-TERM\u00c9SZETBEN<\/a><\/p>\n<style type=\"text\/css\">a[data-mtli~=\"mtli_filesize1699kB\"]:after {content:\" (16.99 kB)\"}a[data-mtli~=\"mtli_filesize1485kB\"]:after {content:\" (14.85 kB)\"}a[data-mtli~=\"mtli_filesize45934kB\"]:after {content:\" (459.34 kB)\"}a[data-mtli~=\"mtli_filesize253MB\"]:after {content:\" (2.53 MB)\"}a[data-mtli~=\"mtli_filesize166MB\"]:after {content:\" (1.66 MB)\"}a[data-mtli~=\"mtli_filesize1397kB\"]:after {content:\" (13.97 kB)\"}a[data-mtli~=\"mtli_filesize2235MB\"]:after {content:\" (22.35 MB)\"}a[data-mtli~=\"mtli_filesize1815kB\"]:after {content:\" (18.15 kB)\"}a[data-mtli~=\"mtli_filesize1320kB\"]:after {content:\" (13.20 kB)\"}a[data-mtli~=\"mtli_filesize1200kB\"]:after {content:\" (12.00 kB)\"}a[data-mtli~=\"mtli_filesize4196kB\"]:after {content:\" (41.96 kB)\"}<\/style>","protected":false},"excerpt":{"rendered":"<p>V\u00edz-sp\u00f3rol\u00e1s V\u00edz-sp\u00f3rol\u00e1si-tippek V\u00edz-sp\u00f3rol\u00e1si-tippek-ppt A_v\u00edz_felhaszn\u00e1l\u00e1sa-2 M\u0171anyag_\u00f3ce\u00e1n A-v\u00edz-\u00fatvonala A-v\u00edz-vil\u00e1gnapja Eur\u00f3pa-legfontosabb-foly\u00f3i Tan\u00e1ri-seg\u00e1danyag-T\u00e9nyek-a-v\u00edzr\u0151l T\u00e9nyek-a-v\u00edzr\u0151l-k\u00e9rd\u0151\u00edv V\u00cdZCIKLUS-A-TERM\u00c9SZETBEN<\/p>\n","protected":false},"author":1,"featured_media":0,"parent":64,"menu_order":6,"comment_status":"closed","ping_status":"closed","template":"","meta":[],"_links":{"self":[{"href":"https:\/\/www.knowledgebaseltd.eu\/wp-json\/wp\/v2\/pages\/487"}],"collection":[{"href":"https:\/\/www.knowledgebaseltd.eu\/wp-json\/wp\/v2\/pages"}],"about":[{"href":"https:\/\/www.knowledgebaseltd.eu\/wp-json\/wp\/v2\/types\/page"}],"author":[{"embeddable":true,"href":"https:\/\/www.knowledgebaseltd.eu\/wp-json\/wp\/v2\/users\/1"}],"replies":[{"embeddable":true,"href":"https:\/\/www.knowledgebaseltd.eu\/wp-json\/wp\/v2\/comments?post=487"}],"version-history":[{"count":6,"href":"https:\/\/www.knowledgebaseltd.eu\/wp-json\/wp\/v2\/pages\/487\/revisions"}],"predecessor-version":[{"id":1471,"href":"https:\/\/www.knowledgebaseltd.eu\/wp-json\/wp\/v2\/pages\/487\/revisions\/1471"}],"up":[{"embeddable":true,"href":"https:\/\/www.knowledgebaseltd.eu\/wp-json\/wp\/v2\/pages\/64"}],"wp:attachment":[{"href":"https:\/\/www.knowledgebaseltd.eu\/wp-json\/wp\/v2\/media?parent=487"}],"curies":[{"name":"wp","href":"https:\/\/api.w.org\/{rel}","templated":true}]}}