{"id":462,"date":"2019-03-21T17:10:11","date_gmt":"2019-03-21T16:10:11","guid":{"rendered":"https:\/\/www.knowledgebaseltd.eu\/?page_id=462"},"modified":"2019-12-09T01:18:41","modified_gmt":"2019-12-09T00:18:41","slug":"the-air","status":"publish","type":"page","link":"https:\/\/www.knowledgebaseltd.eu\/project-topics-and-products\/global-problems-nature\/english\/the-air\/","title":{"rendered":"The air"},"content":{"rendered":"<p><a href=\"https:\/\/www.knowledgebaseltd.eu\/wp-content\/uploads\/2019\/12\/Air-Pollution-1.pptx\" class=\"mtli_attachment mtli_pptx\" data-mtli=\"mtli_filesize109MB\">Air Pollution<\/a><\/p>\n<p><a href=\"https:\/\/www.knowledgebaseltd.eu\/wp-content\/uploads\/2019\/12\/CAUT\u0130ONS-TO-TAKE-AGA\u0130NST-A\u0130R-POLLUT\u0130ON.docx\" class=\"mtli_attachment mtli_docx\" data-mtli=\"mtli_filesize1566kB\">CAUT\u0130ONS TO TAKE AGA\u0130NST A\u0130R POLLUT\u0130ON<\/a><\/p>\n<p><a href=\"https:\/\/www.knowledgebaseltd.eu\/wp-content\/uploads\/2019\/12\/AIR-POLLUTION-FACTORS.pptx\" class=\"mtli_attachment mtli_pptx\" data-mtli=\"mtli_filesize238MB\">AIR POLLUTION FACTORS<\/a><\/p>\n<p><a href=\"https:\/\/www.knowledgebaseltd.eu\/wp-content\/uploads\/2019\/12\/40-Facts-on-Air-Pollution.odt\" class=\"mtli_attachment mtli_odt\" data-mtli=\"mtli_filesize1668kB\">40 Facts on Air Pollution<\/a><\/p>\n<p><a href=\"https:\/\/www.knowledgebaseltd.eu\/wp-content\/uploads\/2019\/12\/Effects-of-Air-pollution.odt\" class=\"mtli_attachment mtli_odt\" data-mtli=\"mtli_filesize2032kB\">Effects of Air pollution<\/a><\/p>\n<p><a href=\"https:\/\/www.knowledgebaseltd.eu\/wp-content\/uploads\/2019\/12\/Countries-with-the-world-is-cleanest-air.pptx\" class=\"mtli_attachment mtli_pptx\" data-mtli=\"mtli_filesize4434kB\">Countries with the world is cleanest air<\/a><\/p>\n<p>&nbsp;<\/p>\n<style type=\"text\/css\">a[data-mtli~=\"mtli_filesize109MB\"]:after {content:\" (1.09 MB)\"}a[data-mtli~=\"mtli_filesize1566kB\"]:after {content:\" (15.66 kB)\"}a[data-mtli~=\"mtli_filesize238MB\"]:after {content:\" (2.38 MB)\"}a[data-mtli~=\"mtli_filesize1668kB\"]:after {content:\" (16.68 kB)\"}a[data-mtli~=\"mtli_filesize2032kB\"]:after {content:\" (20.32 kB)\"}a[data-mtli~=\"mtli_filesize4434kB\"]:after {content:\" (44.34 kB)\"}<\/style>","protected":false},"excerpt":{"rendered":"<p>Air Pollution CAUT\u0130ONS TO TAKE AGA\u0130NST A\u0130R POLLUT\u0130ON AIR POLLUTION FACTORS 40 Facts on Air Pollution Effects of Air pollution Countries with the world is cleanest air &nbsp;<\/p>\n","protected":false},"author":1,"featured_media":0,"parent":62,"menu_order":2,"comment_status":"closed","ping_status":"closed","template":"","meta":[],"_links":{"self":[{"href":"https:\/\/www.knowledgebaseltd.eu\/wp-json\/wp\/v2\/pages\/462"}],"collection":[{"href":"https:\/\/www.knowledgebaseltd.eu\/wp-json\/wp\/v2\/pages"}],"about":[{"href":"https:\/\/www.knowledgebaseltd.eu\/wp-json\/wp\/v2\/types\/page"}],"author":[{"embeddable":true,"href":"https:\/\/www.knowledgebaseltd.eu\/wp-json\/wp\/v2\/users\/1"}],"replies":[{"embeddable":true,"href":"https:\/\/www.knowledgebaseltd.eu\/wp-json\/wp\/v2\/comments?post=462"}],"version-history":[{"count":5,"href":"https:\/\/www.knowledgebaseltd.eu\/wp-json\/wp\/v2\/pages\/462\/revisions"}],"predecessor-version":[{"id":1093,"href":"https:\/\/www.knowledgebaseltd.eu\/wp-json\/wp\/v2\/pages\/462\/revisions\/1093"}],"up":[{"embeddable":true,"href":"https:\/\/www.knowledgebaseltd.eu\/wp-json\/wp\/v2\/pages\/62"}],"wp:attachment":[{"href":"https:\/\/www.knowledgebaseltd.eu\/wp-json\/wp\/v2\/media?parent=462"}],"curies":[{"name":"wp","href":"https:\/\/api.w.org\/{rel}","templated":true}]}}