{"id":420,"date":"2019-03-20T09:39:10","date_gmt":"2019-03-20T08:39:10","guid":{"rendered":"https:\/\/www.knowledgebaseltd.eu\/?page_id=420"},"modified":"2019-12-18T09:26:08","modified_gmt":"2019-12-18T08:26:08","slug":"turkish4","status":"publish","type":"page","link":"https:\/\/www.knowledgebaseltd.eu\/project-topics-and-products\/the-european-union\/turkish\/turkish4\/","title":{"rendered":"AB Finans Sistemi"},"content":{"rendered":"<p><a href=\"https:\/\/www.knowledgebaseltd.eu\/wp-content\/uploads\/2019\/02\/Budgeting_of-the_EU.pptx\" class=\"mtli_attachment mtli_pptx\" data-mtli=\"mtli_filesize63979kB\">AB Finans<\/a><\/p>\n<p><a href=\"https:\/\/www.knowledgebaseltd.eu\/wp-content\/uploads\/2019\/05\/household_financial_management.docx\" class=\"mtli_attachment mtli_docx\" data-mtli=\"mtli_filesize1756kB\">Finansal Y\u00f6netim<\/a><\/p>\n<p><a href=\"https:\/\/www.knowledgebaseltd.eu\/wp-content\/uploads\/2019\/01\/The_introduction_of_euro.pptx\" class=\"mtli_attachment mtli_pptx\" data-mtli=\"mtli_filesize51491kB\">Euro Tan\u0131t\u0131m\u0131<\/a><\/p>\n<p><a href=\"https:\/\/www.knowledgebaseltd.eu\/wp-content\/uploads\/2019\/02\/Crisis_of_2008.pptx\" class=\"mtli_attachment mtli_pptx\" data-mtli=\"mtli_filesize70096kB\">2008 Krizi<\/a><\/p>\n<p><a href=\"https:\/\/www.knowledgebaseltd.eu\/wp-content\/uploads\/2019\/01\/Customs.pptx\" class=\"mtli_attachment mtli_pptx\" data-mtli=\"mtli_filesize58662kB\">G\u00fcnr\u00fck<\/a><\/p>\n<p><a href=\"https:\/\/www.knowledgebaseltd.eu\/wp-content\/uploads\/2019\/01\/The-common-internal-market.pptx\" class=\"mtli_attachment mtli_pptx\" data-mtli=\"mtli_filesize203MB\">\u0130\u00e7 Piyasa<\/a><\/p>\n<p><a href=\"https:\/\/www.knowledgebaseltd.eu\/wp-content\/uploads\/2019\/02\/Consumer_policy_in_Europe.pptx\" class=\"mtli_attachment mtli_pptx\" data-mtli=\"mtli_filesize457MB\">Avrupa T\u00fcketici Politikas\u0131<\/a><\/p>\n<p><a href=\"https:\/\/www.knowledgebaseltd.eu\/wp-content\/uploads\/2019\/01\/Inflation.pptx\" class=\"mtli_attachment mtli_pptx\" data-mtli=\"mtli_filesize39704kB\">Enfilasyon<\/a><\/p>\n<style type=\"text\/css\">a[data-mtli~=\"mtli_filesize63979kB\"]:after {content:\" (639.79 kB)\"}a[data-mtli~=\"mtli_filesize1756kB\"]:after {content:\" (17.56 kB)\"}a[data-mtli~=\"mtli_filesize51491kB\"]:after {content:\" (514.91 kB)\"}a[data-mtli~=\"mtli_filesize70096kB\"]:after {content:\" (700.96 kB)\"}a[data-mtli~=\"mtli_filesize58662kB\"]:after {content:\" (586.62 kB)\"}a[data-mtli~=\"mtli_filesize203MB\"]:after {content:\" (2.03 MB)\"}a[data-mtli~=\"mtli_filesize457MB\"]:after {content:\" (4.57 MB)\"}a[data-mtli~=\"mtli_filesize39704kB\"]:after {content:\" (397.04 kB)\"}<\/style>","protected":false},"excerpt":{"rendered":"<p>AB Finans Finansal Y\u00f6netim Euro Tan\u0131t\u0131m\u0131 2008 Krizi G\u00fcnr\u00fck \u0130\u00e7 Piyasa Avrupa T\u00fcketici Politikas\u0131 Enfilasyon<\/p>\n","protected":false},"author":1,"featured_media":0,"parent":54,"menu_order":3,"comment_status":"closed","ping_status":"closed","template":"","meta":[],"_links":{"self":[{"href":"https:\/\/www.knowledgebaseltd.eu\/wp-json\/wp\/v2\/pages\/420"}],"collection":[{"href":"https:\/\/www.knowledgebaseltd.eu\/wp-json\/wp\/v2\/pages"}],"about":[{"href":"https:\/\/www.knowledgebaseltd.eu\/wp-json\/wp\/v2\/types\/page"}],"author":[{"embeddable":true,"href":"https:\/\/www.knowledgebaseltd.eu\/wp-json\/wp\/v2\/users\/1"}],"replies":[{"embeddable":true,"href":"https:\/\/www.knowledgebaseltd.eu\/wp-json\/wp\/v2\/comments?post=420"}],"version-history":[{"count":9,"href":"https:\/\/www.knowledgebaseltd.eu\/wp-json\/wp\/v2\/pages\/420\/revisions"}],"predecessor-version":[{"id":1151,"href":"https:\/\/www.knowledgebaseltd.eu\/wp-json\/wp\/v2\/pages\/420\/revisions\/1151"}],"up":[{"embeddable":true,"href":"https:\/\/www.knowledgebaseltd.eu\/wp-json\/wp\/v2\/pages\/54"}],"wp:attachment":[{"href":"https:\/\/www.knowledgebaseltd.eu\/wp-json\/wp\/v2\/media?parent=420"}],"curies":[{"name":"wp","href":"https:\/\/api.w.org\/{rel}","templated":true}]}}