{"id":416,"date":"2019-03-20T09:38:31","date_gmt":"2019-03-20T08:38:31","guid":{"rendered":"https:\/\/www.knowledgebaseltd.eu\/?page_id=416"},"modified":"2019-12-18T09:17:29","modified_gmt":"2019-12-18T08:17:29","slug":"turkish2","status":"publish","type":"page","link":"https:\/\/www.knowledgebaseltd.eu\/project-topics-and-products\/the-european-union\/turkish\/turkish2\/","title":{"rendered":"MASSTRICHT SONRASI"},"content":{"rendered":"<p><a href=\"https:\/\/www.knowledgebaseltd.eu\/wp-content\/uploads\/2019\/04\/Maastricht-Treaty.ppt\" class=\"mtli_attachment mtli_ppt\" data-mtli=\"mtli_filesize348MB\">Maastricht Antla\u015fmas\u0131<\/a><\/p>\n<p><a href=\"https:\/\/www.knowledgebaseltd.eu\/wp-content\/uploads\/2019\/04\/European-elections.ppt\" class=\"mtli_attachment mtli_ppt\" data-mtli=\"mtli_filesize104MB\">Avrupa Se\u00e7im\u00a0<\/a><\/p>\n<p><a href=\"https:\/\/www.knowledgebaseltd.eu\/wp-content\/uploads\/2019\/04\/HOW-IS-THE-EUROPE-RELEVANT-TO-YOUR-LIFE.pdf\" class=\"mtli_attachment mtli_pdf\" data-mtli=\"mtli_filesize4230kB\">AB Hayat\u0131m\u0131zla nas\u0131l ilgilidir?<\/a><\/p>\n<p><a href=\"https:\/\/prezi.com\/view\/AmI0BQCUFB9epbi7Rkxd\/?fbclid=IwAR1kNlG-Wl-wmHslNRcHAlmcvFJPce0I73XhjU_CXEqCpkry9LqJqmH4qPo\">Masstricht Antla\u015fmas\u0131<\/a><\/p>\n<p><a href=\"https:\/\/mm.tt\/1171539141?t=ZMTtzpk81N\">AB Temel Politikalar\u0131<\/a><\/p>\n<p><a href=\"https:\/\/www.storyjumper.com\/book\/index\/61218765\/tzouma\">AB De\u011ferleri<\/a><\/p>\n<style type=\"text\/css\">a[data-mtli~=\"mtli_filesize348MB\"]:after {content:\" (3.48 MB)\"}a[data-mtli~=\"mtli_filesize104MB\"]:after {content:\" (1.04 MB)\"}a[data-mtli~=\"mtli_filesize4230kB\"]:after {content:\" (42.30 kB)\"}<\/style>","protected":false},"excerpt":{"rendered":"<p>Maastricht Antla\u015fmas\u0131 Avrupa Se\u00e7im\u00a0 AB Hayat\u0131m\u0131zla nas\u0131l ilgilidir? Masstricht Antla\u015fmas\u0131 AB Temel Politikalar\u0131 AB De\u011ferleri<\/p>\n","protected":false},"author":1,"featured_media":0,"parent":54,"menu_order":1,"comment_status":"closed","ping_status":"closed","template":"","meta":[],"_links":{"self":[{"href":"https:\/\/www.knowledgebaseltd.eu\/wp-json\/wp\/v2\/pages\/416"}],"collection":[{"href":"https:\/\/www.knowledgebaseltd.eu\/wp-json\/wp\/v2\/pages"}],"about":[{"href":"https:\/\/www.knowledgebaseltd.eu\/wp-json\/wp\/v2\/types\/page"}],"author":[{"embeddable":true,"href":"https:\/\/www.knowledgebaseltd.eu\/wp-json\/wp\/v2\/users\/1"}],"replies":[{"embeddable":true,"href":"https:\/\/www.knowledgebaseltd.eu\/wp-json\/wp\/v2\/comments?post=416"}],"version-history":[{"count":9,"href":"https:\/\/www.knowledgebaseltd.eu\/wp-json\/wp\/v2\/pages\/416\/revisions"}],"predecessor-version":[{"id":1142,"href":"https:\/\/www.knowledgebaseltd.eu\/wp-json\/wp\/v2\/pages\/416\/revisions\/1142"}],"up":[{"embeddable":true,"href":"https:\/\/www.knowledgebaseltd.eu\/wp-json\/wp\/v2\/pages\/54"}],"wp:attachment":[{"href":"https:\/\/www.knowledgebaseltd.eu\/wp-json\/wp\/v2\/media?parent=416"}],"curies":[{"name":"wp","href":"https:\/\/api.w.org\/{rel}","templated":true}]}}